8
Let q(z) = -2*z - 1. Let u(k) = k**3 - 4*k**2 - 14*k - 9. Let j(x) = -5*q(x) + u(x). Calculate j(5).
1
Let m(q) = -4*q - 35. Let b be m(13). Let i = -93 - b. Let t(p) = p**2 + 5*p + 1. Calculate t(i).
7
Let a(u) = -u. Suppose 6*l = 25 + 863. Let h = l - 153. What is a(h)?
5
Let s(i) = -1 + 52*i**3 - 6*i**2 + 10 - 12*i - 51*i**3. Determine s(8).
41
Let j = -3 - -5. Suppose 0 = -5*u + 3*g + 46, j*u = -2*u + 2*g + 38. Suppose 5*o + u = 3*d + d, -4*d = -16. Let w(n) = 4*n + 1. Determine w(o).
5
Let c(t) = -t - 1. Let l be (-24)/(-9)*3/2. Suppose -l*f = f - 20. Suppose 2*y - 6 = f*y. What is c(y)?
2
Let q = 1819 + -3633/2. Let f(k) be the first derivative of 1/3*k**3 + 4*k - q*k**2 + 7. Give f(4).
0
Suppose 54 = 5*q - 66. Suppose -2*s - 3*s + 10 = 0. Suppose s*b - q = 6*b. Let y(z) = z**3 + 7*z**2 + 7*z - 5. Calculate y(b).
-11
Let v(p) = p**3 - 14*p**2 - 14*p - 21. Let z = 216 + -201. Give v(z).
-6
Let n be (-39)/33 - 26/(-143). Let m(u) = -4*u + 1. Determine m(n).
5
Suppose -4*w + w = -2*m + 2, m + 3*w = 1. Let k be 5 + (-9)/(27/12). Let v(o) = 6 - m + o + 0 - k. Calculate v(-3).
1
Let t(i) = i**2 + 6*i + 6. Let q be t(-5). Let s(w) = -13*w - 1. What is s(q)?
-14
Let x(y) = -y + 1. Let z(i) = -12*i + 14 + i**3 - 3*i - 12*i + 15 - 25*i**2. Let m be z(26). Calculate x(m).
-2
Let t(v) = 0*v**2 - 2*v**3 - 6 + 4 + 4*v**2 - v. Suppose 3*j - 2 = -20. Let q(c) = c**3 + 6*c**2 + c + 8. Let g be q(j). Give t(g).
-4
Let o = -49 - -50. Let z(j) = 3*j - 1. What is z(o)?
2
Let y(v) be the second derivative of -11*v + 0*v**2 + 0 + 1/12*v**4 + 1/6*v**3. Suppose 5*i = 2*a + 6, -5*a = i + 4*i - 20. What is y(i)?
6
Let p(t) = -t - 4. Let f(j) = -19*j**2 - 5*j - 15. Let k(b) = -f(b) + 4*p(b). What is k(1)?
19
Let j(b) be the second derivative of -b**5/20 + 2*b**4/3 - 2*b**2 - 309*b. Calculate j(6).
68
Let x(m) = -3*m**2 + 2264*m - 2263*m + m**3 + 0 - 2. Calculate x(2).
-4
Let c(u) = 4*u + 7. Let x(m) = -5*m - 9. Let y(p) = -4*c(p) - 3*x(p). Let i = 11 - 9. Let v = i + -6. Calculate y(v).
3
Let g be 1/((1/2)/1). Let w(f) be the second derivative of -f**6/360 + f**5/60 + f**4/2 + 3*f. Let d(o) be the third derivative of w(o). Determine d(g).
-2
Suppose 4*x - 16 + 0 = 4*f, -5*x - 5*f + 20 = 0. Let r(u) be the third derivative of 0 + 1/2*u**3 + 1/12*u**4 + 3*u**2 + 0*u. What is r(x)?
11
Let f(j) = -j**3 + 7*j**2 + 5*j + 18. Suppose g + 2*v + 2 = 0, 16*v - 19 = -3*g + 15*v. Determine f(g).
-6
Let x(c) be the second derivative of c**4/3 + c**3/2 + 55*c. Suppose 0 = -3*y + 4*m - 22, 4 = 2*y - m + 3*m. Determine x(y).
10
Let o(w) = w**3 - 2*w**2 - 4. Let j(h) = -2*h**3 + h + 3. Let v be j(2). Let r = v - -14. Suppose t + 5 = 0, 0 = -r*l + 4*l + 4*t + 17. Determine o(l).
5
Let w(t) = -t**2 - 15*t - 15. Let h = 1003 - 1013. What is w(h)?
35
Let x(f) = -f**3 + f**2 + f - 2. Suppose -4*g = -2*r + 22, -4*r = r - 2*g - 15. What is x(r)?
-1
Let y(x) = -x**2 - 14*x - 4. Let t = -1315 - -1305. What is y(t)?
36
Let i(d) be the first derivative of 9*d**4/4 + d**3/3 - d**2/2 - d + 170. Let u(q) = q - 2. Let z be u(5). Suppose 3 = z*b + 6. Determine i(b).
-8
Let f(v) = -3*v - 2. Let z be 4/(-26) + (-564)/52. Let i(r) = -16*r - 10. Let s(o) = z*f(o) + 2*i(o). Let u be (-1)/(((-15)/(-18))/(-5)). Calculate s(u).
8
Let t = -42 - -43. Let o(x) = -x - 1. What is o(t)?
-2
Let w = -6 - -9. Let r(f) = -12*f**3 + 11*f**2 - 11*f - 4. Let p(a) = -7*a**3 + 6*a**2 - 6*a - 2. Let x(o) = -5*p(o) + 3*r(o). What is x(w)?
-11
Let b be 424*(-2)/(-28) - (-6)/(-21). Let d = 29 - b. Let c(w) = -5*w**3 + w**2 + w. Determine c(d).
5
Let a(r) = -r + 14. Let t be a(12). Let d(u) = 5 + 0*u**t - 3 + 6*u**2 - u**3 + 8*u + 0*u**2. Let x(m) = 3*m + 7. Let h be x(0). Calculate d(h).
9
Let w(n) = -n + 2. Let f(y) = y + 25. Let i be f(-18). Suppose i + 3 = 2*k. What is w(k)?
-3
Let w(x) = 21*x + 29*x - 8*x**2 - 66*x + 20*x. What is w(1)?
-4
Let a(o) be the third derivative of o**5/60 - o**4/12 + o**3/3 + 3*o**2 + 1. Suppose -l = -0*l - 3. What is a(l)?
5
Let p(o) = -o**3 - 5*o**2 + 6*o + 8. Let i = 3 + -3. Let n = 0 + i. Suppose n = -4*r - w - 22, -5*r = -0*w - 4*w + 38. Determine p(r).
8
Suppose -3*f + 4 + 2 = 0. Let u(j) = j - j**f - j. Let i = 6588 + -6586. Calculate u(i).
-4
Let f(c) = -c**3 - 9*c**2 - 7*c + 5. Suppose w = 4, w = -3*k - 0*k - 20. Give f(k).
-3
Let s(r) = r**3 + 3*r**2 - 6*r - 6. Let h be s(-4). Let c(n) = 2*n - h*n**2 - 5 + 11*n**2 - 3*n**2 - 2 - n**3. Let t be -3*(-2)/3*3. Give c(t).
5
Suppose -13*y + 34 = 8. Let i(j) = 2*j - 1 - 4*j - y*j + j. Let h be ((-2)/6)/(3/18). Give i(h).
5
Let w(h) = -2*h**2 - 8*h - 12. Let x be w(-2). Let k(q) = -4*q - 10. Let z(j) = -2*j - 5. Let t(f) = -6*k(f) + 13*z(f). Give t(x).
3
Let n(v) = 3*v - 12. Suppose -30*t = -37*t + 56. Determine n(t).
12
Suppose -97*j + 12 = -94*j. Let i(s) be the third derivative of 1/60*s**5 + 0*s + 0 - 1/12*s**6 + 1/6*s**3 + 10*s**2 + 1/12*s**j. Calculate i(-1).
10
Let p = -56 + 58. Let o be (-70)/21 + p + 1/3. Let u(r) = 16*r - 1. Calculate u(o).
-17
Let r(m) = m - 1. Suppose -o = -3*k + 38, 2*o + 13 = 2*k - 11. Suppose 2*g + k*g = 30. Give r(g).
1
Let m(a) = -8*a. Let x(l) = -l**3 - 15*l**2 + 4*l + 61. Let w be x(-15). What is m(w)?
-8
Suppose -6*h = -5*h - b, -h - 4*b + 25 = 0. Let q(f) = -f**3 + 5*f**2 - 2. Give q(h).
-2
Let g(h) = 18*h**3 - 6*h + 6*h - 2*h - 1. Let w(q) = 4*q**2 + 261*q + 64. Let o be w(-65). Determine g(o).
-17
Let w = -13 - -29. Suppose w = -3*j - j. Let i(s) be the second derivative of s**4/12 + s**3/2 + s**2/2 + 4*s. Calculate i(j).
5
Let y(d) be the third derivative of -d**5/60 + 17*d**4/24 + 7*d**3/2 + 4*d**2 - 5. Calculate y(19).
-17
Let p(n) = 0*n**2 - 2*n**2 - 3*n + 4*n**2 - 4 + 0*n**2. Determine p(4).
16
Let c(y) = y**3 + 12*y**2 - 15*y - 24. Let z be c(-13). Let f(k) be the third derivative of 1/60*k**5 - 2/3*k**3 - 5*k**z + 1/4*k**4 + 0 + 0*k. Give f(-6).
-4
Let k(x) = 18*x**2 - 72*x - 15. Let c(q) = 10*q**2 - 36*q - 8. Let l(n) = -7*c(n) + 4*k(n). What is l(18)?
-4
Suppose 38 = 3*h - 4*r, 0 = -2*h + 5*h + 2*r - 26. Let p(j) = -j + 1. Determine p(h).
-9
Let i(q) = -6*q - 2. Let o = -5 - -9. Suppose -78 = o*n - 18. Let b be (5/(n/(-12)))/(-2). Determine i(b).
10
Let s(b) be the third derivative of -b**6/120 + 2*b**5/15 + b**4/24 - b**3 - 21*b**2 - 1. Let k(h) = h**2 + h - 4. Let w be k(3). What is s(w)?
2
Let v(y) = -8*y - 6. Let i be v(2). Let k = i + 20. Let t(n) = n**3 - n**2 - n + 2. Determine t(k).
-8
Let w(h) = -5*h - 40. Let p be w(-9). Suppose -f + p*j = j - 18, 8 = -2*f - 3*j. Let u(y) = 3*y**3 - 4*y**2 + 4*y - 2. Determine u(f).
14
Let u(c) = -c**3 + 2*c**2 - c + 1. Let f = 21 + 23. Let n be (-1)/(2 - f/24). Let r(i) = -i**2 - 5*i + 8. Let o be r(n). Determine u(o).
-1
Let r(o) be the first derivative of o**4/4 + 17*o**3/3 + 9*o**2 + 24*o + 111. What is r(-16)?
-8
Let q(c) = 26*c**2 + 4*c + 3. Let u be q(-1). Let o be 26/(-10) - 10/u. Let s(w) = w**2 + 5*w + 4. Determine s(o).
-2
Let f(a) = -a**2 - a - 2. Let g(b) = -b**2 + 20*b - 68. Let d be g(16). Determine f(d).
-14
Let b = 3 - -4. Let r(v) be the first derivative of v**3/3 - 3*v**2 - 4*v - 455. Calculate r(b).
3
Let o(v) be the third derivative of -v**5/60 - v**4/4 - 66*v**2. Calculate o(-4).
8
Let c(t) be the third derivative of -5*t**4/24 - t**3/6 - 9*t**2 + 18*t. Suppose -6*f - 24 = 4*r - 2*f, -5*r + 3*f + 10 = 0. Determine c(r).
4
Let r(j) = -2*j**2 + 9*j + 2. Let z(v) = -v**2 + v + 1. Let u(m) = -r(m) + 3*z(m). Calculate u(-5).
6
Let d(y) = -y**2 - 43*y - 118. Let x be d(-40). Let f(h) be the second derivative of -5/2*h**x + 7*h + 0 - h**3 - 1/12*h**4. Calculate f(-5).
0
Let v(q) be the second derivative of q**6/240 + 7*q**5/120 - 43*q**4/12 + 15*q - 1. Let d(h) be the third derivative of v(h). What is d(-9)?
-20
Let l be (1 - (2 - 0))*-2. Let n(p) = -6 - 35*p + 34*p - p**l - 3. Suppose -3*a - 2*y + 0 = -4, y - 2 = -2*a. Calculate n(a).
-9
Let g(n) be the first derivative of 8 - 2*n + 1/2*n**2. What is g(2)?
0
Let h(y) = -1. Let k(i) = -1 + 0 - 23 - 1 + 5*i. Let q(w) = 75*h(w) - 3*k(w). Give q(-1).
15
Let c(s) = s**2 - 15*s + 9. Let k be (7920/242)/(-18)*(-22)/4. Determine c(k).
-41
Let p(t) = -1 + t - 6 + 5 + 0*t. Let i be p(-2). Let u(y) = y**2 + 3*y + 3. Determine u(i).
7
Let n(w) = 2*w + 5*w - 5*w - 1 + 6*w**2. Let c be (-11